{"id":604,"date":"2023-07-31T13:59:27","date_gmt":"2023-07-31T13:59:27","guid":{"rendered":"http:\/\/ueluisalfredomartinez.edu.ec\/sitio\/?page_id=604"},"modified":"2023-08-13T03:13:45","modified_gmt":"2023-08-13T03:13:45","slug":"lista-de-utiles-ano-2023-2024","status":"publish","type":"page","link":"http:\/\/ueluisalfredomartinez.edu.ec\/sitio\/lista-de-utiles-ano-2023-2024\/","title":{"rendered":"LISTA DE UTILES A\u00d1O 2023-2024"},"content":{"rendered":"\n<h2>NOTA<\/h2>\n\n\n\n<p>Estimada comunidad educativa se informa que la recepci\u00f3n de la lista de \u00fatiles se realizara el d\u00eda lunes 28 de agosto de 11:00 am hasta las 13:00 horas.<\/p>\n\n\n\n<div class=\"wp-block-buttons\">\n<div class=\"wp-block-button is-style-outline\"><a class=\"wp-block-button__link has-black-color has-white-background-color has-text-color has-background\">INICIAL I<\/a><\/div>\n\n\n\n<div class=\"wp-block-button is-style-outline\"><a class=\"wp-block-button__link has-black-color has-white-background-color has-text-color has-background\">INICIAL II<\/a><\/div>\n\n\n\n<div class=\"wp-block-button is-style-outline\"><a class=\"wp-block-button__link\" href=\"https:\/\/drive.google.com\/file\/d\/1ISNlZHlZzLT2I9qi9znHt0rEyvGu6fzV\/view?usp=sharing\" target=\"_blank\" rel=\"noreferrer noopener\">PREPARATORIA<\/a><\/div>\n\n\n\n<div class=\"wp-block-button is-style-outline\"><a class=\"wp-block-button__link has-luminous-vivid-amber-background-color has-background\" href=\"https:\/\/drive.google.com\/file\/d\/1coLNgimNQy6lVjy8TyTGDSC6EwGeDe1g\/view?usp=sharing\" target=\"_blank\" rel=\"noreferrer noopener\">SEGUNDO EGB<\/a><\/div>\n\n\n\n<div class=\"wp-block-button is-style-outline\"><a class=\"wp-block-button__link has-light-green-cyan-background-color has-background\" href=\"https:\/\/drive.google.com\/file\/d\/1S47lBPQrtVSJjMqlQ6cW_IlzYBk6J0qx\/view?usp=sharing\" target=\"_blank\" rel=\"noreferrer noopener\">TERCERO EGB<\/a><\/div>\n\n\n\n<div class=\"wp-block-button is-style-outline\"><a class=\"wp-block-button__link has-pale-cyan-blue-background-color has-background\" href=\"https:\/\/drive.google.com\/file\/d\/1LvbxZoISk9FjXLhhSnk6P5sDzdWZeN_x\/view?usp=sharing\" target=\"_blank\" rel=\"noreferrer noopener\">CUARTO EGB<\/a><\/div>\n\n\n\n<div class=\"wp-block-button is-style-outline\"><a class=\"wp-block-button__link has-black-color has-vivid-red-background-color has-text-color has-background\" href=\"https:\/\/drive.google.com\/file\/d\/1T_zybIq3q692WgfiWl8QJg1rMckcSopL\/view?usp=sharing\" target=\"_blank\" rel=\"noreferrer noopener\">QUINTO EGB<\/a><\/div>\n\n\n\n<div class=\"wp-block-button is-style-outline\"><a class=\"wp-block-button__link has-vivid-red-background-color has-background\" href=\"https:\/\/drive.google.com\/file\/d\/1MJ0rv_EcLbpBoyqzMxGejmcCdral4H9W\/view?usp=sharing\" target=\"_blank\" rel=\"noreferrer noopener\">SEXTO EGB<\/a><\/div>\n\n\n\n<div class=\"wp-block-button is-style-outline\"><a class=\"wp-block-button__link has-vivid-cyan-blue-background-color has-background\" href=\"https:\/\/drive.google.com\/file\/d\/1aajQmIZ_iiq42mwKvPXHr9YJpuUqi7Ko\/view?usp=sharing\" target=\"_blank\" rel=\"noreferrer noopener\">SEPTIMO EGB<\/a><\/div>\n\n\n\n<div class=\"wp-block-button is-style-outline\"><a class=\"wp-block-button__link has-vivid-cyan-blue-background-color has-background\" href=\"https:\/\/drive.google.com\/file\/d\/1yULxGmSakrH-nL_qrMQMR8B08i9XRfoI\/view?usp=sharing\" target=\"_blank\" rel=\"noreferrer noopener\">OCTAVO EGB<\/a><\/div>\n\n\n\n<div class=\"wp-block-button is-style-outline\"><a class=\"wp-block-button__link has-luminous-vivid-orange-background-color has-background\" href=\"https:\/\/drive.google.com\/file\/d\/184UmAkJ4O41BANxbVuzv82G1jonrQYkm\/view?usp=sharing\" target=\"_blank\" rel=\"noreferrer noopener\">NOVENO EGB<\/a><\/div>\n\n\n\n<div class=\"wp-block-button is-style-outline\"><a class=\"wp-block-button__link has-light-green-cyan-background-color has-background\" href=\"https:\/\/drive.google.com\/file\/d\/1BVDGQS4zwawPXlOZk5Fx0oxjwayVWQxa\/view?usp=sharing\" target=\"_blank\" rel=\"noreferrer noopener\">DECIMO EGB<\/a><\/div>\n\n\n\n<div class=\"wp-block-button is-style-outline\"><a class=\"wp-block-button__link has-vivid-purple-background-color has-background\" href=\"https:\/\/drive.google.com\/file\/d\/1j20v25wfkL6reFRxni-hs0AoGar3zbzj\/view?usp=sharing\" target=\"_blank\" rel=\"noreferrer noopener\">PRIMERO BGU<\/a><\/div>\n\n\n\n<div class=\"wp-block-button is-style-outline\"><a class=\"wp-block-button__link has-vivid-purple-background-color has-background\" href=\"https:\/\/drive.google.com\/file\/d\/1iWSFB5B2Q_X-KymfxIOU7YxptXcRJuSA\/view?usp=sharing\" target=\"_blank\" rel=\"noreferrer noopener\">SEGUNDO BEGU<\/a><\/div>\n\n\n\n<div class=\"wp-block-button is-style-outline\"><a class=\"wp-block-button__link has-vivid-purple-background-color has-background\" href=\"https:\/\/drive.google.com\/file\/d\/1dJflZnn7BJmVvJyn8ivVP7-EabYQCJdL\/view?usp=sharing\" target=\"_blank\" rel=\"noreferrer noopener\">TERCERO BGU<\/a><\/div>\n<\/div>\n\n\n\n<p><\/p>\n","protected":false},"excerpt":{"rendered":"<p>NOTA Estimada comunidad educativa se informa que la recepci\u00f3n de la lista de \u00fatiles se realizara el d\u00eda lunes 28 &hellip; <\/p>\n","protected":false},"author":1,"featured_media":0,"parent":0,"menu_order":0,"comment_status":"open","ping_status":"closed","template":"","meta":[],"_links":{"self":[{"href":"http:\/\/ueluisalfredomartinez.edu.ec\/sitio\/wp-json\/wp\/v2\/pages\/604"}],"collection":[{"href":"http:\/\/ueluisalfredomartinez.edu.ec\/sitio\/wp-json\/wp\/v2\/pages"}],"about":[{"href":"http:\/\/ueluisalfredomartinez.edu.ec\/sitio\/wp-json\/wp\/v2\/types\/page"}],"author":[{"embeddable":true,"href":"http:\/\/ueluisalfredomartinez.edu.ec\/sitio\/wp-json\/wp\/v2\/users\/1"}],"replies":[{"embeddable":true,"href":"http:\/\/ueluisalfredomartinez.edu.ec\/sitio\/wp-json\/wp\/v2\/comments?post=604"}],"version-history":[{"count":4,"href":"http:\/\/ueluisalfredomartinez.edu.ec\/sitio\/wp-json\/wp\/v2\/pages\/604\/revisions"}],"predecessor-version":[{"id":613,"href":"http:\/\/ueluisalfredomartinez.edu.ec\/sitio\/wp-json\/wp\/v2\/pages\/604\/revisions\/613"}],"wp:attachment":[{"href":"http:\/\/ueluisalfredomartinez.edu.ec\/sitio\/wp-json\/wp\/v2\/media?parent=604"}],"curies":[{"name":"wp","href":"https:\/\/api.w.org\/{rel}","templated":true}]}}